{"id":1406,"date":"2019-12-04T09:55:49","date_gmt":"2019-12-04T08:55:49","guid":{"rendered":"https:\/\/terre-alternative.fr\/?post_type=product&#038;p=1406"},"modified":"2019-12-18T15:21:50","modified_gmt":"2019-12-18T14:21:50","slug":"pack-enduit-chaux-chanvre-avec-projeteuse-operateur","status":"publish","type":"product","link":"https:\/\/terre-alternative.fr\/index.php\/produit\/pack-enduit-chaux-chanvre-avec-projeteuse-operateur\/","title":{"rendered":"Pack enduit chaux chanvre avec projeteuse +op\u00e9rateur"},"content":{"rendered":"<p><strong>Prix : <\/strong>85<strong>0 \u20ac\/jour\u00a0<\/strong><\/p>\n<p>Le pack enduit chaux- chanvre est compos\u00e9 :<\/p>\n<ul>\n<li>d&rsquo;une lance de projection avec op\u00e9rateur<\/li>\n<li>des tuyaux de raccordement<\/li>\n<li>d&rsquo;un compresseur<\/li>\n<li>d&rsquo;un malaxeur<\/li>\n<li>d&rsquo;une taloche \u00e0 clous<\/li>\n<li>d&rsquo;une truelle<\/li>\n<li>Brouette<\/li>\n<\/ul>\n<p><strong>Utilisation :\u00a0<\/strong><\/p>\n<p>Pack de mat\u00e9riel pour la r\u00e9alisation d&rsquo;un enduit chaux-chanvre permettant de limiter les infiltrations d&rsquo;air dans le mur et de r\u00e9guler le taux d&rsquo;humidit\u00e9 dans l&rsquo;habitation.<\/p>\n<p>Pour plus d&rsquo;informations consultez notre page sur les <a href=\"https:\/\/terre-alternative.fr\/index.php\/maconnerie-ancienne\/enduit-chaux\/\">enduits chaux-chanvre<\/a>.<\/p>\n<p><strong>Mat\u00e9riel compl\u00e9mentaire \u00e0 fournir par le client\u00a0 :<\/strong><\/p>\n<ul>\n<li>EPI ( en plus des bottes, casques et gants, il faut manche longue masque et lunette)<\/li>\n<li>Point d&rsquo;eau ( accessible pendant les travaux)<\/li>\n<li>Prix mat\u00e9riaux non-compris<\/li>\n<\/ul>\n","protected":false},"excerpt":{"rendered":"<p>Prix : 850 \u20ac\/jour\u00a0 Le pack enduit chaux- chanvre est compos\u00e9 : d&rsquo;une lance de projection avec op\u00e9rateur des tuyaux de raccordement d&rsquo;un compresseur d&rsquo;un malaxeur d&rsquo;une taloche \u00e0 clous d&rsquo;une truelle Brouette Utilisation :\u00a0 Pack de mat\u00e9riel pour la r\u00e9alisation d&rsquo;un enduit chaux-chanvre permettant de limiter les infiltrations d&rsquo;air dans le mur et de [&hellip;]<\/p>\n","protected":false},"featured_media":1563,"comment_status":"open","ping_status":"closed","template":"","meta":{"jetpack_publicize_message":"","jetpack_publicize_feature_enabled":true,"jetpack_social_post_already_shared":false,"jetpack_social_options":{"image_generator_settings":{"template":"highway","enabled":false},"version":2}},"product_cat":[152,156],"product_tag":[147,148,157],"class_list":{"0":"post-1406","1":"product","2":"type-product","3":"status-publish","4":"has-post-thumbnail","6":"product_cat-chantiers-participatifs","7":"product_cat-tous-les-produits-vendu-par-terre-alternative","8":"product_tag-chaux-chanvre","9":"product_tag-enduit","10":"product_tag-pack","12":"first","13":"instock","14":"taxable","15":"shipping-taxable","16":"purchasable","17":"product-type-simple"},"jetpack_publicize_connections":[],"yoast_head":"<!-- This site is optimized with the Yoast SEO plugin v24.6 - https:\/\/yoast.com\/wordpress\/plugins\/seo\/ -->\n<title>Pack enduit chaux chanvre avec projeteuse +op\u00e9rateur - terre-alternative.fr<\/title>\n<meta name=\"description\" content=\"Ce pack contient tout les \u00e9l\u00e9ment n\u00e9cessaire \u00e0 la r\u00e9alisation d&#039;un enduit chaux-chanvre chez vous. De plus un op\u00e9rateur sera \u00e0 vos cot\u00e9s du d\u00e9but \u00e0 la fin.\" \/>\n<meta name=\"robots\" content=\"index, follow, max-snippet:-1, max-image-preview:large, max-video-preview:-1\" \/>\n<link rel=\"canonical\" href=\"https:\/\/terre-alternative.fr\/index.php\/produit\/pack-enduit-chaux-chanvre-avec-projeteuse-operateur\/\" \/>\n<meta property=\"og:locale\" content=\"fr_FR\" \/>\n<meta property=\"og:type\" content=\"article\" \/>\n<meta property=\"og:title\" content=\"Pack enduit chaux chanvre avec projeteuse +op\u00e9rateur - terre-alternative.fr\" \/>\n<meta property=\"og:description\" content=\"Ce pack contient tout les \u00e9l\u00e9ment n\u00e9cessaire \u00e0 la r\u00e9alisation d&#039;un enduit chaux-chanvre chez vous. De plus un op\u00e9rateur sera \u00e0 vos cot\u00e9s du d\u00e9but \u00e0 la fin.\" \/>\n<meta property=\"og:url\" content=\"https:\/\/terre-alternative.fr\/index.php\/produit\/pack-enduit-chaux-chanvre-avec-projeteuse-operateur\/\" \/>\n<meta property=\"og:site_name\" content=\"terre-alternative.fr\" \/>\n<meta property=\"article:publisher\" content=\"https:\/\/www.facebook.com\/Terre-alternative-sarl-910821875760088\/notifications\/\" \/>\n<meta property=\"article:modified_time\" content=\"2019-12-18T14:21:50+00:00\" \/>\n<meta property=\"og:image\" content=\"https:\/\/terre-alternative.fr\/wp-content\/uploads\/2019\/12\/DSC_3375-scaled.jpg\" \/>\n\t<meta property=\"og:image:width\" content=\"2560\" \/>\n\t<meta property=\"og:image:height\" content=\"1714\" \/>\n\t<meta property=\"og:image:type\" content=\"image\/jpeg\" \/>\n<meta name=\"twitter:card\" content=\"summary_large_image\" \/>\n<meta name=\"twitter:site\" content=\"@terrealternati1\" \/>\n<meta name=\"twitter:label1\" content=\"Dur\u00e9e de lecture estim\u00e9e\" \/>\n\t<meta name=\"twitter:data1\" content=\"1 minute\" \/>\n<script type=\"application\/ld+json\" class=\"yoast-schema-graph\">{\"@context\":\"https:\/\/schema.org\",\"@graph\":[{\"@type\":\"WebPage\",\"@id\":\"https:\/\/terre-alternative.fr\/index.php\/produit\/pack-enduit-chaux-chanvre-avec-projeteuse-operateur\/\",\"url\":\"https:\/\/terre-alternative.fr\/index.php\/produit\/pack-enduit-chaux-chanvre-avec-projeteuse-operateur\/\",\"name\":\"Pack enduit chaux chanvre avec projeteuse +op\u00e9rateur - terre-alternative.fr\",\"isPartOf\":{\"@id\":\"https:\/\/terre-alternative.fr\/#website\"},\"primaryImageOfPage\":{\"@id\":\"https:\/\/terre-alternative.fr\/index.php\/produit\/pack-enduit-chaux-chanvre-avec-projeteuse-operateur\/#primaryimage\"},\"image\":{\"@id\":\"https:\/\/terre-alternative.fr\/index.php\/produit\/pack-enduit-chaux-chanvre-avec-projeteuse-operateur\/#primaryimage\"},\"thumbnailUrl\":\"https:\/\/terre-alternative.fr\/wp-content\/uploads\/2019\/12\/DSC_3375-scaled.jpg\",\"datePublished\":\"2019-12-04T08:55:49+00:00\",\"dateModified\":\"2019-12-18T14:21:50+00:00\",\"description\":\"Ce pack contient tout les \u00e9l\u00e9ment n\u00e9cessaire \u00e0 la r\u00e9alisation d'un enduit chaux-chanvre chez vous. De plus un op\u00e9rateur sera \u00e0 vos cot\u00e9s du d\u00e9but \u00e0 la fin.\",\"breadcrumb\":{\"@id\":\"https:\/\/terre-alternative.fr\/index.php\/produit\/pack-enduit-chaux-chanvre-avec-projeteuse-operateur\/#breadcrumb\"},\"inLanguage\":\"fr-FR\",\"potentialAction\":[{\"@type\":\"ReadAction\",\"target\":[\"https:\/\/terre-alternative.fr\/index.php\/produit\/pack-enduit-chaux-chanvre-avec-projeteuse-operateur\/\"]}]},{\"@type\":\"ImageObject\",\"inLanguage\":\"fr-FR\",\"@id\":\"https:\/\/terre-alternative.fr\/index.php\/produit\/pack-enduit-chaux-chanvre-avec-projeteuse-operateur\/#primaryimage\",\"url\":\"https:\/\/terre-alternative.fr\/wp-content\/uploads\/2019\/12\/DSC_3375-scaled.jpg\",\"contentUrl\":\"https:\/\/terre-alternative.fr\/wp-content\/uploads\/2019\/12\/DSC_3375-scaled.jpg\",\"width\":2560,\"height\":1714,\"caption\":\"Projecteur \u00e0 enduit utilis\u00e9 principalement pour les enduits chaux-chanvre\"},{\"@type\":\"BreadcrumbList\",\"@id\":\"https:\/\/terre-alternative.fr\/index.php\/produit\/pack-enduit-chaux-chanvre-avec-projeteuse-operateur\/#breadcrumb\",\"itemListElement\":[{\"@type\":\"ListItem\",\"position\":1,\"name\":\"Accueil\",\"item\":\"https:\/\/terre-alternative.fr\/\"},{\"@type\":\"ListItem\",\"position\":2,\"name\":\"Boutique\",\"item\":\"https:\/\/terre-alternative.fr\/index.php\/boutique\/\"},{\"@type\":\"ListItem\",\"position\":3,\"name\":\"Pack enduit chaux chanvre avec projeteuse +op\u00e9rateur\"}]},{\"@type\":\"WebSite\",\"@id\":\"https:\/\/terre-alternative.fr\/#website\",\"url\":\"https:\/\/terre-alternative.fr\/\",\"name\":\"terre-alternative.fr\",\"description\":\"Des habitats sains et naturels\",\"publisher\":{\"@id\":\"https:\/\/terre-alternative.fr\/#organization\"},\"potentialAction\":[{\"@type\":\"SearchAction\",\"target\":{\"@type\":\"EntryPoint\",\"urlTemplate\":\"https:\/\/terre-alternative.fr\/?s={search_term_string}\"},\"query-input\":{\"@type\":\"PropertyValueSpecification\",\"valueRequired\":true,\"valueName\":\"search_term_string\"}}],\"inLanguage\":\"fr-FR\"},{\"@type\":\"Organization\",\"@id\":\"https:\/\/terre-alternative.fr\/#organization\",\"name\":\"terre alternative sarl\",\"url\":\"https:\/\/terre-alternative.fr\/\",\"logo\":{\"@type\":\"ImageObject\",\"inLanguage\":\"fr-FR\",\"@id\":\"https:\/\/terre-alternative.fr\/#\/schema\/logo\/image\/\",\"url\":\"https:\/\/terre-alternative.fr\/wp-content\/uploads\/2017\/05\/LOGO-Terre-Alternative.png\",\"contentUrl\":\"https:\/\/terre-alternative.fr\/wp-content\/uploads\/2017\/05\/LOGO-Terre-Alternative.png\",\"width\":2475,\"height\":1120,\"caption\":\"terre alternative sarl\"},\"image\":{\"@id\":\"https:\/\/terre-alternative.fr\/#\/schema\/logo\/image\/\"},\"sameAs\":[\"https:\/\/www.facebook.com\/Terre-alternative-sarl-910821875760088\/notifications\/\",\"https:\/\/x.com\/terrealternati1\",\"https:\/\/www.pinterest.fr\/terrealternativesarl\/\",\"https:\/\/www.youtube.com\/channel\/UC1_xNjvD0yMEW1t_VZ8aAEw\"]}]}<\/script>\n<!-- \/ Yoast SEO plugin. -->","yoast_head_json":{"title":"Pack enduit chaux chanvre avec projeteuse +op\u00e9rateur - terre-alternative.fr","description":"Ce pack contient tout les \u00e9l\u00e9ment n\u00e9cessaire \u00e0 la r\u00e9alisation d'un enduit chaux-chanvre chez vous. De plus un op\u00e9rateur sera \u00e0 vos cot\u00e9s du d\u00e9but \u00e0 la fin.","robots":{"index":"index","follow":"follow","max-snippet":"max-snippet:-1","max-image-preview":"max-image-preview:large","max-video-preview":"max-video-preview:-1"},"canonical":"https:\/\/terre-alternative.fr\/index.php\/produit\/pack-enduit-chaux-chanvre-avec-projeteuse-operateur\/","og_locale":"fr_FR","og_type":"article","og_title":"Pack enduit chaux chanvre avec projeteuse +op\u00e9rateur - terre-alternative.fr","og_description":"Ce pack contient tout les \u00e9l\u00e9ment n\u00e9cessaire \u00e0 la r\u00e9alisation d'un enduit chaux-chanvre chez vous. De plus un op\u00e9rateur sera \u00e0 vos cot\u00e9s du d\u00e9but \u00e0 la fin.","og_url":"https:\/\/terre-alternative.fr\/index.php\/produit\/pack-enduit-chaux-chanvre-avec-projeteuse-operateur\/","og_site_name":"terre-alternative.fr","article_publisher":"https:\/\/www.facebook.com\/Terre-alternative-sarl-910821875760088\/notifications\/","article_modified_time":"2019-12-18T14:21:50+00:00","og_image":[{"width":2560,"height":1714,"url":"https:\/\/terre-alternative.fr\/wp-content\/uploads\/2019\/12\/DSC_3375-scaled.jpg","type":"image\/jpeg"}],"twitter_card":"summary_large_image","twitter_site":"@terrealternati1","twitter_misc":{"Dur\u00e9e de lecture estim\u00e9e":"1 minute"},"schema":{"@context":"https:\/\/schema.org","@graph":[{"@type":"WebPage","@id":"https:\/\/terre-alternative.fr\/index.php\/produit\/pack-enduit-chaux-chanvre-avec-projeteuse-operateur\/","url":"https:\/\/terre-alternative.fr\/index.php\/produit\/pack-enduit-chaux-chanvre-avec-projeteuse-operateur\/","name":"Pack enduit chaux chanvre avec projeteuse +op\u00e9rateur - terre-alternative.fr","isPartOf":{"@id":"https:\/\/terre-alternative.fr\/#website"},"primaryImageOfPage":{"@id":"https:\/\/terre-alternative.fr\/index.php\/produit\/pack-enduit-chaux-chanvre-avec-projeteuse-operateur\/#primaryimage"},"image":{"@id":"https:\/\/terre-alternative.fr\/index.php\/produit\/pack-enduit-chaux-chanvre-avec-projeteuse-operateur\/#primaryimage"},"thumbnailUrl":"https:\/\/terre-alternative.fr\/wp-content\/uploads\/2019\/12\/DSC_3375-scaled.jpg","datePublished":"2019-12-04T08:55:49+00:00","dateModified":"2019-12-18T14:21:50+00:00","description":"Ce pack contient tout les \u00e9l\u00e9ment n\u00e9cessaire \u00e0 la r\u00e9alisation d'un enduit chaux-chanvre chez vous. De plus un op\u00e9rateur sera \u00e0 vos cot\u00e9s du d\u00e9but \u00e0 la fin.","breadcrumb":{"@id":"https:\/\/terre-alternative.fr\/index.php\/produit\/pack-enduit-chaux-chanvre-avec-projeteuse-operateur\/#breadcrumb"},"inLanguage":"fr-FR","potentialAction":[{"@type":"ReadAction","target":["https:\/\/terre-alternative.fr\/index.php\/produit\/pack-enduit-chaux-chanvre-avec-projeteuse-operateur\/"]}]},{"@type":"ImageObject","inLanguage":"fr-FR","@id":"https:\/\/terre-alternative.fr\/index.php\/produit\/pack-enduit-chaux-chanvre-avec-projeteuse-operateur\/#primaryimage","url":"https:\/\/terre-alternative.fr\/wp-content\/uploads\/2019\/12\/DSC_3375-scaled.jpg","contentUrl":"https:\/\/terre-alternative.fr\/wp-content\/uploads\/2019\/12\/DSC_3375-scaled.jpg","width":2560,"height":1714,"caption":"Projecteur \u00e0 enduit utilis\u00e9 principalement pour les enduits chaux-chanvre"},{"@type":"BreadcrumbList","@id":"https:\/\/terre-alternative.fr\/index.php\/produit\/pack-enduit-chaux-chanvre-avec-projeteuse-operateur\/#breadcrumb","itemListElement":[{"@type":"ListItem","position":1,"name":"Accueil","item":"https:\/\/terre-alternative.fr\/"},{"@type":"ListItem","position":2,"name":"Boutique","item":"https:\/\/terre-alternative.fr\/index.php\/boutique\/"},{"@type":"ListItem","position":3,"name":"Pack enduit chaux chanvre avec projeteuse +op\u00e9rateur"}]},{"@type":"WebSite","@id":"https:\/\/terre-alternative.fr\/#website","url":"https:\/\/terre-alternative.fr\/","name":"terre-alternative.fr","description":"Des habitats sains et naturels","publisher":{"@id":"https:\/\/terre-alternative.fr\/#organization"},"potentialAction":[{"@type":"SearchAction","target":{"@type":"EntryPoint","urlTemplate":"https:\/\/terre-alternative.fr\/?s={search_term_string}"},"query-input":{"@type":"PropertyValueSpecification","valueRequired":true,"valueName":"search_term_string"}}],"inLanguage":"fr-FR"},{"@type":"Organization","@id":"https:\/\/terre-alternative.fr\/#organization","name":"terre alternative sarl","url":"https:\/\/terre-alternative.fr\/","logo":{"@type":"ImageObject","inLanguage":"fr-FR","@id":"https:\/\/terre-alternative.fr\/#\/schema\/logo\/image\/","url":"https:\/\/terre-alternative.fr\/wp-content\/uploads\/2017\/05\/LOGO-Terre-Alternative.png","contentUrl":"https:\/\/terre-alternative.fr\/wp-content\/uploads\/2017\/05\/LOGO-Terre-Alternative.png","width":2475,"height":1120,"caption":"terre alternative sarl"},"image":{"@id":"https:\/\/terre-alternative.fr\/#\/schema\/logo\/image\/"},"sameAs":["https:\/\/www.facebook.com\/Terre-alternative-sarl-910821875760088\/notifications\/","https:\/\/x.com\/terrealternati1","https:\/\/www.pinterest.fr\/terrealternativesarl\/","https:\/\/www.youtube.com\/channel\/UC1_xNjvD0yMEW1t_VZ8aAEw"]}]}},"jetpack_sharing_enabled":true,"_links":{"self":[{"href":"https:\/\/terre-alternative.fr\/index.php\/wp-json\/wp\/v2\/product\/1406","targetHints":{"allow":["GET"]}}],"collection":[{"href":"https:\/\/terre-alternative.fr\/index.php\/wp-json\/wp\/v2\/product"}],"about":[{"href":"https:\/\/terre-alternative.fr\/index.php\/wp-json\/wp\/v2\/types\/product"}],"replies":[{"embeddable":true,"href":"https:\/\/terre-alternative.fr\/index.php\/wp-json\/wp\/v2\/comments?post=1406"}],"wp:featuredmedia":[{"embeddable":true,"href":"https:\/\/terre-alternative.fr\/index.php\/wp-json\/wp\/v2\/media\/1563"}],"wp:attachment":[{"href":"https:\/\/terre-alternative.fr\/index.php\/wp-json\/wp\/v2\/media?parent=1406"}],"wp:term":[{"taxonomy":"product_cat","embeddable":true,"href":"https:\/\/terre-alternative.fr\/index.php\/wp-json\/wp\/v2\/product_cat?post=1406"},{"taxonomy":"product_tag","embeddable":true,"href":"https:\/\/terre-alternative.fr\/index.php\/wp-json\/wp\/v2\/product_tag?post=1406"}],"curies":[{"name":"wp","href":"https:\/\/api.w.org\/{rel}","templated":true}]}}